- 11 - -5 - (7 + -20)
18
Evaluate -77 - -93 - (2 - 18).
32
What is 18 - (3 - (1 + -16 + 9))?
9
Calculate (-9 - -10) + 22 + -11 + -14.
-2
Calculate 72 + -85 + (8 - 4).
-9
What is 1 + -1 + -13 + -8 - (-75 - -68)?
-14
What is the value of -1 - (8 - 2) - (-190 - -169)?
14
(-3 + 4 - -2) + -3 + 20 + -29
-9
What is the value of 14 + -55 + (-6 - -13)?
-34
Calculate 6 + -2 + 10 + -10.
4
What is the value of 11 + -2 + -10 + 9 + 1 + 0?
9
-5 + (6 + 1 + (1 - -3) - 9)
-3
What is the value of (23 - -1) + ((2 - 11) + 20 - 17)?
18
-20 + 7 + 5 + -4 + 13
1
Evaluate 2 + 20 - (270 + -237).
-11
Calculate 9 + (-6 + -8 - 9).
-14
Calculate 1 - (6 + -20) - 2.
13
Calculate -18 + 1 + -8 + 0 - (1 - 6).
-20
Evaluate -22 + (3 + 7 - 3).
-15
What is the value of (12 - -24) + -15 - 0?
21
What is -8 - 6 - (17 + -19)?
-12
11 + -4 + (-6 + -1 - 0)
0
What is the value of 3 - 24 - -24 - (0 + 12)?
-9
Evaluate -5 - ((12 - (19 + -8)) + -8).
2
What is the value of -1 + -1 - 6 - (489 - 471)?
-26
What is 19 + (-24 + -15 - -21) + (0 - -3)?
4
What is 37 + -27 + (-1 - 13) - 3?
-7
-3 + -13 + 119 + -127
-24
29 + (-56 - (-51 - -24))
0
Evaluate 1 + (8 - 1) + -327 + 309.
-10
What is the value of -6 + -2 - (-4 - -4) - -12?
4
Evaluate 0 + 11 - (-50 + 63) - (0 - -8).
-10
What is (2 + 17 - 0) + 10 + (3 - 11)?
21
Calculate -192 + 200 + -24 + (-2 - -4).
-14
Calculate -24 + (2 - -6) + -2 + (-5 - -3).
-20
What is 0 + (-4 - (-2 - 6)) - (24 - 26)?
6
What is (-5 - (-1 - 9)) + 2?
7
What is the value of 36 + 34 + -58 - (0 - -2)?
10
What is (-19 - ((13 - 17) + -7)) + -22?
-30
Evaluate (-6 - 1) + (650 - 650).
-7
What is the value of -6 + 0 - (19 - (-6 - -25)) - -18?
12
-1 + 1 + -5 - (-16 + 14 + -8)
5
What is -7 + 1 - (-6 + -2 + 5 - 11)?
8
Evaluate (2 - 0) + -3 - (-1 + -1) - -1.
2
What is the value of -7 + ((7 - 4) + -3 + 3 - 4)?
-8
What is -28 - (-9 + -9) - -25?
15
What is (-13 - 0) + (-414 - -428)?
1
(-1269 - -1220) + (31 - 0)
-18
Evaluate -2 + -1 - (-17 + (-10 - -38)).
-14
Evaluate -6 - -12 - (4 + (6 - -4 - 5)).
-3
20 + -7 + (7 - -3 - 7)
16
Evaluate 3 + -4 + 2 - (-16 + 18).
-1
0 + (36 + 14 + -43 - (-1 - -2))
6
8 - (0 - 1 - 3)
12
Evaluate 30 + -29 + 2 + 22.
25
Calculate 20 - 10 - 41 - (4 + -5).
-30
What is (-4 - -4) + -13 + 33?
20
5 + -1 + (-6 + 1 - (0 - -2))
-3
Evaluate (-14 + -10 - -11) + 9.
-4
What is the value of 72 - 41 - 22 - (0 - 11)?
20
Calculate -14 - -2 - (-11 - 7) - (-1 + 14).
-7
What is -59 + 46 + (2 - 2)?
-13
What is 4 + (7 - (-9 + (-7 - -7 - -5)))?
15
-3 - (8 + (-21 - 2) - -39)
-27
What is 12 + 6 + -22 + 0 + 11?
7
Evaluate (-23 - -21 - (-1 + -2)) + -8 + -2.
-9
-7 + 17 + (-2 + -6 - -22) + -3
21
What is the value of (5 - 32) + (7 - -5 - 1)?
-16
Calculate (16 - 22) + 2 + 1 + -3.
-6
What is the value of 14 + -13 + 3 - -6?
10
-27 + (-4 + 4 - -11) + 0 + -2
-18
What is (-55 - -31) + -7 + 12?
-19
Calculate (9 - (-1 + 0) - (1093 - 1074)) + -25.
-34
Calculate ((-9 - -42) + -17 - 33) + -3.
-20
-56 + 0 + 65 + -39
-30
-7 + -3 + 10 + -3 + 10
7
What is -3 - (6 + -5 + -1) - -10?
7
What is the value of (17 - 4) + -3 + (-450 - -402)?
-38
Calculate -1 - (4 - 1) - (-8 + 7 + -10).
7
What is the value of 228 + -216 + (1 - (1 + 1)) + -19?
-8
Calculate 12 - (15 - -1 - (-23 - -24)).
-3
Evaluate 1 + 16 - (-35 + 46 + -12).
18
Calculate 31 + -26 + (-3 - -9 - 19).
-8
Evaluate -24 - -20 - (3 + -18 - -4).
7
Evaluate -1 - (-7 + 4 + -5 - 3).
10
What is the value of 11 + -9 + -20 + 14 - (-19 - -1)?
14
Calculate 8 + (17 - (0 - 12 - -16)).
21
What is (6 - (-8 + (7 - 3) - -5)) + 4?
9
Calculate 19 + -2 + 1 + -35.
-17
What is the value of 11 + 4 + (8 - 15) - (-2 + 7)?
3
-11 - (-24 - 18 - -3)
28
Evaluate -4 - ((3 - -14) + -20).
-1
Evaluate -3 + (-2 - 3 - -6).
-2
-10 + (-16 - -21) - 15
-20
What is -13 + 17 - ((0 - -6) + -21 + 18)?
1
Evaluate (-1 - 10) + 18 + -11 + 27 + 0.
23
(2 - 2) + -13 + 15 + 2 + 8
12
What is 11 + (7 - 10) - 3?
5
What is the value of 59 + -40 - (8 - 8 - 3)?
22
-19 - (2 + 41 + -43)
-19
Evaluate 38 + -31 - (6 - (5 - 42) - 3).
-33
Calculate (1 - -5) + -1 - (-366 + 370).
1
Evaluate -3 - ((-5 - -37) + -6).
-29
What is 15 + (-20 - -6) - (-3 - 8 - -3)?
9
What is the value of 13 + (-47 + 36 - (2 + 2))?
-2
-26 + 35 + 14 + 1
24
What is 4 - ((-5 - -18) + -15)?
6
What is -8 + -1 - (-4 + (-9 - 7) + -13)?
24
What is (-32 - -23) + 25 - (5 - (-1 + 2))?
12
What is -7 + -3 + (-25 - -28)?
-7
Evaluate 70 - 91 - (-3 + -19).
1
Evaluate (-22 - -9 - 2 - -12) + -2 + -4.
-9
What is 27 + 3 - (175 + -127)?
-18
(-2 + -2 - 3 - 3) + -98 + 95
-13
Calculate (-23 - -23) + -2 + (3 - -2).
3
What is (-7 + 1 - -1) + -4 + 29 + -8?
12
What is -20 - (-45 + 16 + 26)?
-17
What is 4 + -4 - -10 - -15?
25
Evaluate -9 + (33 - -16) - 30.
10
What is 20 + -43 - -14 - (6 - (-1 + 3))?
-13
Calculate -3 - (2 + 0 + -2) - (-1 - -4).
-6
Calculate 0 - 0 - (-3 - -4 - (-3 - 8)).
-12
(1 + -6 - 0) + -43 + 46
-2
Evaluate (-39 - -23) + 0 + -4 - -9.
-11
Evaluate -9 + 4 + -2 + 12 + 16 + -6.
15
What is -1 + (13 - 1) + -6 + 13 + -2?
16
What is -1 + (-2 - ((-5 - -2) + 6))?
-6
What is 1 + -7 - (19 + -4 + -8)?
-13
What is the value of (2 + -3 - -13) + (24 - 22)?
14
What is the value of -7 + 2 - -1 - (-601 - -593)?
4
Calculate -6 + (-4 - (-7 + 0)) + 3 + 5.
5
(0 - -16 - (37 - 49 - -9)) + -2
17
What is (-65 - -56) + (4 - -12)?
7
(129 - 168) + 11 + -1
-29
Evaluate 15 - (2 + -10 + 16) - (-1 + -2).
10
Evaluate (23 + 27 - (19 - 0)) + -8.
23
4 + -1 + -16 + 24 + -13 + 1
-1
What is -8 + -1 + (15 - 12)?
-6
What is the value of (12 + 14 - 18) + -12?
-4
What is the value of -18 - (-1 + -4 + (40 + -8 - 26))?
-19
Evaluate 0 + -14 - 2 - (345 + -352).
-9
What is the value of -35 - (-55 - (-74 - -35))?
-19
Calculate 6 - (-4 - (11 + 2 + -23)).
0
What is -3 + 1 - (-8 + 37 + -23)?
-8
Calculate 17 - (44 + -39 + (-2 - 1)).
15
What is 1 + 14 + 325 + -316?
24
What is 5 - -3 - (-5 - (-33 - -8))?
-12
-8 - (-34 - -52) - -16
-10
3 + -2 + 114 + -150 + 11
-24
(2 - (1 + 2)) + -12 + 3 + 0
-10
-4 - (1 - 17) - (14 + 1 - 20)
17
Calculate -28 - ((-1 - (11 - 1)) + (-28 - -33)).
-22
Calculate -17 + -2 - (-507 - -506).
-18
What is the value of -4 + (-25 + 8 + 5 - -6) + 20?
10
Calculate (7 - (1 + -3) - 7) + -1 + 2.
3
What is -11 - (2 - (5 + 4)) - (6 - 14)?
4
Evaluate -31 - (-2 + (-11 - 5)) - 8.
-21
Evaluate 6 + -1 + (-36 - -42) + 5 + -13.
3
What is (-2 + 15 - (-2 + (6 - 8))) + -6?
11
What is the value of -24 + 22 + (9 - (-4 - 1))?
12
What is the value of -31 + 35 + (-1 + 1 - (3 - 8))?
9
What is -4 + (12 - (-12 + 29)) - 18?
-27
-4 + -4 + 11 - (-2 - 4 - -1)
8
What is the value of -58 - -30 - -49 - 60?
-39
6 + -13 + (5 + 11 - 2)
7
What is the value of (-4 + -1 + 2 - (1871 + -1879)) + -39?
-34
What is -8 - (-1 + -9 + -6 + 20)?
-12
Calculate (-14 - -15 - -7) + (1 - (2 + -3)).
10
0 + -29 - (62 - 6 - 53)
-32
6 + 3 + -36 + 21
-6
Evaluate (-14 - (-51 - -16)) + -24.
-3
5 + (7 - (25 + (3 - 13)))
-3
Calculate -5 - 1 - (10 + -25 + 6).
3
What is (-13 - -13) + -5 + (2 - 2) - 7?
-12
What is the value of (-95 - -64) + (0 - -12)?
-19
Evaluate (14 - 15) + -6 + 20.
13
0 - -1 - ((15 - 29) + 10) - 11
-6
Evaluate (1 - -1 - -2) + (67 - (-15 + 75)).
11
Evaluate 0 + 0 + 19 + -8.
11
What is the value of -28 - (33 - (-25 - -66) - (-6 + 0))?
-26
-16 - -13 - (7 + 1)
-11
Calculate 0 - (13 - -1) - (-23 - (7 + -35)).
-19
What is the value of -6 + -8 + 16 + -1 + 3 - -8?
12
2 + (-1 + 5 - (0 - (4 + -2)))
8
What is the value of 0 - -26 - (126 - 120)?
20
Evaluate (7 - -19) + -19 - 14.
-7
Evaluate -8 + (4 - ((-8 - -5) + 6 + -5)).
-2
Evaluate 50 + -40 - (-4 - 3).
17
What is the value of -32 - 2 - (-5 + (-5 - -17) + -7)?
-34
What is the value of (129 - 101) + -38 - (0 - (-1 + 6))?
-5
Evaluate 136 + -160 - (-15 + 1 - -2).
-12
Evaluate -21 + (-6 - (-9 + -22)).
4
-3 + 7 + 6 + -28 + 4
-14
Calculate 5 - (-5 - (12 - 5 - 8)).
9
What is 1 + -5 + 5 + -8 + 5?
-2
What is 6 + -8 - (-2 + (2 - 27)) - 5?
20
Evaluate 2 - ((2 + -7 - -10) + -5).
2
Evaluate 2 + -4 + 4 - (-10 - (7 - 11)).
8
Calculate 17 - (-5 - 1 - (20 + -24 + 3)).
22
Evaluate 18 + (2 - (7 - (8 - 5))).
16
What is (3 - (-4 + (-2 - -8))) + 22?
23
Evaluate 2 + -12 - (2 + 8 - 12).
-8
Evaluate (2 - 8) + (14 - (-2 - -10)).
0
What is the value of -7 - -1 - ((35 - 9) + -14 - 8)?
-10
(-5 - 7) + 16 + -20 - -9
-7
Calculate -6 - (28 + -33 - (-6 - 1)).
-8
What is the value of 13 + -20 + 12 + 12?
17
Calculate -31 + (67 - (32 - 2